0 + 7*t**5/60 + t**4/4 - t**3/2 + 8*t**2. Calculate x(g).
-3
Let r(h) = -23*h - 1081. Let a be r(-47). Let f(s) = 1 - s**2 - s - 3 - 1. Give f(a).
-3
Let z(b) = b + 16. Let g be z(-14). Let v(o) = 62 + 3*o - 34 + o**3 - 29 + 6*o**g. Give v(-5).
9
Let l(w) = -w**3 + w**2 - w. Suppose f + 2 = -0. Let p(a) = -a + 3. Let r be p(f). Let s(q) = 4*q**3 - 2*q**2 + 9*q + 3. Let o(j) = r*l(j) + s(j). What is o(4)?
3
Let p(v) = v + 14*v**2 - 4 + 4*v**2 - 8*v. Let a(l) = -6*l**2 + 2*l + 1. Let o = -94 - -87. Let i(w) = o*a(w) - 2*p(w). What is i(-1)?
7
Let i(k) = 15*k + 21. Let u(j) = -8*j - 2. Let t(h) = i(h) + 2*u(h). Suppose 0*o = o. Calculate t(o).
17
Let u(b) = -3*b - 5*b**2 + 0*b**3 + b**3 - b - b - 2. Let z(g) = -g**3 - 11*g**2 + 10*g - 18. Let p be z(-12). What is u(p)?
4
Let l be -1*8/(24/(-15)). Let i(j) = j**2 - 8*j + 1. Determine i(l).
-14
Let o(t) be the first derivative of -t**3/3 + 2*t**2 + t + 146. Let j = -13 - -18. Determine o(j).
-4
Suppose 84 = 29*o - 43*o. Let q(r) = r**3 + 7*r**2 + 5*r + 2. What is q(o)?
8
Let s be 9 - 0 - (-2 + 4). Suppose 0 = 2*n - s - 1. Let u(v) be the first derivative of v**2/2 + v - 4. What is u(n)?
5
Let r(p) = p**3 + 6*p**2 + 2*p + 5. Let c(v) = -v**3 - 10*v**2 - 2*v - 6. Let n(k) = 2*c(k) + 3*r(k). Calculate n(4).
43
Let h be (2 - 3)/((-1)/4). Suppose -j = -3*j - h. Let x(s) = 7. Let n(r) = r + 8. Let w(f) = 5*n(f) - 6*x(f). Give w(j).
-12
Let j(h) = 16*h + h - 3*h. Let r(t) = -3*t**2 - 20*t + 16. Let l(u) = 7*u**2 + 41*u - 31. Let a(n) = -2*l(n) - 5*r(n). Let w be a(-19). What is j(w)?
14
Let k(h) = h - 10. Let y(b) = b**3 + 4*b**2 - b + 25. Let c be y(-5). Give k(c).
-5
Let n(s) = 6*s**2 - 10*s + 13. Let h(y) = -y**2 + 2*y - 2. Let d(a) = -11*h(a) - 2*n(a). Give d(3).
-19
Let s(t) = -10 - 189*t**2 + 190*t**2 + 19 + 15*t. Calculate s(-13).
-17
Let g(a) be the first derivative of a**3/3 + 3*a**2 + 6*a - 1. Let j be (2/1)/(4/18). Let t be 19/(-3) + 3/j. Determine g(t).
6
Let k(v) = -v + 14. Let g be k(10). Let y be 9/g*144/27. Let d = 13 - y. Let f(u) = 8*u**3 - 1. Determine f(d).
7
Let k = -38 - -35. Let i(t) = -t - 2. What is i(k)?
1
Let c(t) = -t**2 + t + 5. Let f be 8*(4/(-8) - 0). Let h be 14/(-49) + f/(-14). Give c(h).
5
Suppose 5 - 25 = -5*x. Let p(t) = -9 + x - 2 - 2*t. What is p(-6)?
5
Let w(a) be the third derivative of -a**4/12 + a**3/2 - 7*a**2. Let c be w(0). Suppose -2*v - 1 = c. Let p(d) = 4*d + 3. Give p(v).
-5
Let w(y) be the second derivative of -y**4/3 + 7*y**2/2 + 10*y + 16. Determine w(3).
-29
Suppose 4 + 11 = 5*r. Let k(n) = 6*n**2 + 25*n - 3 - n**r - 2 - 29*n. What is k(4)?
11
Let v be ((-15)/(-6) + -3)*0. Let a(l) = -l**3 - 2*l - 5. Let w be a(v). Let f(n) = n**3 + 6*n**2 + 8*n + 7. Calculate f(w).
-8
Suppose -8 = 3*d - 23. Suppose -5*l - d - 25 = 0. Let y(u) = -u**3 - 7*u**2 - 8*u - 8. What is y(l)?
4
Let h(m) = 3*m**2 + 77*m + 46. Let r be h(-25). Let g(z) = z + 8. Determine g(r).
4
Let o(f) = 9*f - 1. Let r = 1304 - 1298. Determine o(r).
53
Let s = 25 + -23. Suppose s*g = -3*g + 25. Let m(c) = -1 - g*c - 6*c**2 + 8*c - 3*c. What is m(1)?
-7
Let a(b) be the first derivative of -1/6*b**3 + 1 - 5/2*b**2 + b. Let o(m) be the first derivative of a(m). What is o(-6)?
1
Let b(n) = 2 - n**2 + 3*n**3 - 8*n**3 + 3*n**3 - 2*n**3. Give b(1).
-3
Let r = 55 - 31. Let c be r/(-9) + 3 + 44/(-6). Let k(o) = -1. Let h(s) = s**2 + 8*s + 4. Let n(g) = -h(g) - 3*k(g). Determine n(c).
6
Let a(v) = -v**3 - 6*v**2 - 3. Let k = -125 - -119. Determine a(k).
-3
Let z be -12*((-16)/(-12) - 2). Let s(c) = 41*c**2 - 42*c**2 - z - c**3 - 5. Determine s(0).
-13
Let l(r) be the first derivative of 4*r**2 + 92. Calculate l(1).
8
Let j = -6 + 5. Let z(y) be the first derivative of 0*y**2 + y - 4/3*y**3 + 8. What is z(j)?
-3
Let u(a) be the second derivative of a**4/12 + 3*a**3/2 - 27*a**2/2 - 35*a + 1. What is u(-11)?
-5
Let d(n) = -4*n + 6*n - 1 - 13 + n**2 - 3*n + 0*n. What is d(-4)?
6
Let o(x) be the first derivative of -2*x**7/105 - x**4/24 + 4*x**3/3 + 10. Let h(a) be the third derivative of o(a). What is h(-1)?
15
Suppose -5*h + 34 = -2*h + 2*k, -2*h + 6 = -2*k. Let r(z) = -z**3 + 7*z**2 + 9*z - 1. Calculate r(h).
7
Let h = -2 - -5. Let d(r) = 1. Let t(q) = 5*q - 1. Let l(z) = -3*d(z) + t(z). Give l(h).
11
Let m(q) = -3*q**3 + 3*q**2 - 17*q + 20. Let h(i) = -i**3 + i**2 - 6*i + 7. Let r(n) = -17*h(n) + 6*m(n). Suppose 4174*t = 4182*t - 24. Determine r(t).
-17
Let z(v) = -2*v - 3. Let f(g) = -113*g + 800. Let u be f(7). Give z(u).
-21
Let x(l) = -7*l + 6. Let w = -12 + 14. Let o be x(w). Let v(f) = f**2 + 7*f + 2. Calculate v(o).
10
Let t(p) be the first derivative of 5*p**3/3 + p**2/2 + 2*p + 909. What is t(-2)?
20
Let s(j) be the first derivative of j**4/4 + 7*j**3/3 + 9*j**2/2 + 4*j + 5. What is s(-6)?
-14
Let y(r) = -r**3 + 4*r**2 + 9*r - 5. Suppose 2*v = n - 16, n + 26 = -5*v + 7. Determine y(n).
-23
Let x(h) = -16*h**2 - 52*h + 73. Let t(l) = -3*l**2 - 10*l + 15. Let y(i) = 11*t(i) - 2*x(i). What is y(3)?
-8
Let p(g) be the third derivative of g**5/60 - g**4/4 - 2*g**3 + 151*g**2. Determine p(11).
43
Let s(g) = -5*g**3 - 13*g**2 - 11. Let i(y) be the second derivative of -4*y - y**4 - 1/5*y**5 + 0 - 5*y**2 + 1/6*y**3. Let w(a) = 6*i(a) - 5*s(a). Give w(6).
-5
Let g(b) be the first derivative of -b**3/3 - 2*b**2 + 14*b + 244. Calculate g(-6).
2
Suppose 9 = 14*q - 11*q. Let n(f) be the second derivative of f**3/6 + 2*f**2 - 2*f. What is n(q)?
7
Let q(f) = 4*f**2 - 9*f + 3. Let k(g) = 9*g**2 - 19*g + 6. Let a(s) = 3*k(s) - 7*q(s). Let h(p) = -p**3 + 33*p**2 - 59*p - 88. Let u be h(31). Give a(u).
2
Let u(q) = q + 2. Suppose 0 = j + 2*r + r - 3, 4*j + 4 = -4*r. Give u(j).
-1
Suppose -t + 5*x = -28, 0*x + 10 = -2*x. Let c be (4/3)/(1/t). Let b(y) be the third derivative of -y**5/30 + 7*y**4/24 - y**3 + 4*y**2. Determine b(c).
-10
Suppose -4*q - 5*j + 42 = 0, q - 9 - 1 = -j. Let t(d) = -d**2 + 7*d + 11. Give t(q).
3
Let t = -1880 + 1874. Let b(k) = -2*k - 7. Give b(t).
5
Let i = -266 + 256. Let c(o) = 2*o - 1. Calculate c(i).
-21
Let n = 6 - -4. Let k = n + -10. Let j(s) = -21 - 6*s + k*s + 21 - s**2. Calculate j(-6).
0
Let c be (-4)/14 - (-2)/7. Suppose 2*k + 3*q = -20, 4*k - 2*q = -c*q - 8. Let h(p) = 110*p**3 + 428 - 433 - 111*p**3 + p - 4*p**2. Determine h(k).
-9
Let m(f) = f**3 - 4*f**2 - 2*f + 2. Suppose -8*c = -6*c - 10. Determine m(c).
17
Suppose 0 = 10*x - 97 + 37. Let s(r) = -r**2 - 9*r + 89. Give s(x).
-1
Let y(w) = -2*w - 4. Let v(l) = l + 2. Let k(m) = -5*v(m) - 3*y(m). Suppose 92*r + 66 - 405 = -21*r. Give k(r).
5
Let w(m) = 3*m**3 - 13*m**2 + 24*m - 27. Suppose -4*u - 12 = -0. Let x(o) = -o**3 + 4*o**2 - 8*o + 9. Let j(c) = u*w(c) - 8*x(c). What is j(6)?
-3
Suppose -2 + 4 = i - 2*o, 8 = 4*i + 2*o. Let a(j) = -j**3 + 117 - 50 - 59 + j**i. Suppose 2*v = -2*v. Calculate a(v).
8
Let k = -15 - -21. Let v(u) = u**2 - 5*u - 26. Let w be v(-5). Let f(o) = 49*o**2 + 7 - 6*o - 24*o**2 - w*o**2. What is f(k)?
7
Let j(m) = -4*m + 14. Let x(l) = -11*l + 29. Let n(i) = -7*j(i) + 3*x(i). What is n(-4)?
9
Let t(v) be the second derivative of -v**6/360 + v**5/120 - v**4/24 - 5*v**3 + 8*v. Let r(u) be the second derivative of t(u). Give r(2).
-3
Let q(c) = -c**3 + 15*c**2 - c + 12. Let i be (8/(-8))/(1/(-15)). Calculate q(i).
-3
Let z(d) = -d**3 - 3*d**2 - 2*d - 6. Let q be (-8)/8*2*(-6)/(-4). Determine z(q).
0
Suppose -3*o = 3*i - 24, 4*o + 5*i - 35 = 2. Suppose -2 = 3*s - 4*a, -3*a = -s - 2 - 2. Let w(t) = -3*t - 5*t + 3*t + s + 3*t. Determine w(o).
-4
Suppose -39 = 3*n - 24. Let l(d) = -d**2 + 2*d + 6. Calculate l(n).
-29
Let d = 91 + -70. Suppose 2 = 3*g + x + 1, 0 = 3*g - 3*x - d. Let h(l) = -l**3 - l**2 + l + 2. Calculate h(g).
-8
Let c(s) be the first derivative of 1 - 4*s**2 + 1/3*s**3 + 7*s. Calculate c(5).
-8
Let z = 14 - 12. Let h(g) = 0 + 3 + g**z + g + 8 + 1. Let a(u) = -u**2 + 7*u - 6. Let w be a(6). Calculate h(w).
12
Let f(p) = -8*p + 1. Let n(m) = 11*m - 482. Let g be n(44). Give f(g).
-15
Suppose n = 2*n. Let z be 2*-1 - (-4 - n). Let h(f) = -3*f**2 - 6*f - 1. Let o(x) = -3*x**2 - 7*x - 2. Let q(k) = -5*h(k) + 4*o(k). Calculate q(z).
13
Let c(f) be the second derivative of -f**5/20 + f**4/2 + f**2 - 271*f. What is c(7)?
-47
Let k(v) be the first derivative of -2*v**3/3 + 2*v**2 + 3*v + 280. G